t common factor of 5967 and 1547.
221
What is the highest common factor of 88143 and 33?
33
Calculate the highest common divisor of 2494 and 1682.
58
What is the greatest common divisor of 1333 and 62?
31
What is the greatest common divisor of 24273 and 29?
29
What is the greatest common divisor of 19 and 1?
1
What is the greatest common divisor of 32 and 736?
32
What is the highest common divisor of 9954 and 36?
18
Calculate the greatest common factor of 5 and 80.
5
Calculate the greatest common divisor of 5448 and 72.
24
What is the highest common divisor of 38 and 76?
38
What is the greatest common divisor of 24 and 600?
24
What is the greatest common factor of 552 and 3519?
69
What is the highest common factor of 7 and 77?
7
What is the greatest common divisor of 705 and 375?
15
Calculate the greatest common factor of 160 and 20.
20
Calculate the greatest common divisor of 333 and 37.
37
What is the highest common factor of 64 and 224?
32
What is the highest common divisor of 1085 and 35?
35
Calculate the highest common divisor of 1254 and 594.
66
Calculate the highest common divisor of 138 and 162.
6
Calculate the greatest common divisor of 27938 and 122.
122
What is the greatest common factor of 91 and 1456?
91
What is the greatest common factor of 10 and 590?
10
What is the highest common factor of 148 and 18278?
74
Calculate the highest common factor of 224 and 35.
7
Calculate the greatest common divisor of 165 and 55.
55
Calculate the highest common factor of 608 and 133.
19
Calculate the highest common divisor of 72 and 18.
18
What is the greatest common divisor of 554 and 8?
2
Calculate the greatest common divisor of 160 and 5.
5
What is the greatest common factor of 1096 and 28?
4
Calculate the greatest common factor of 585 and 117.
117
What is the highest common factor of 61516 and 728?
364
What is the highest common factor of 23715 and 15?
15
Calculate the greatest common factor of 33 and 7953.
33
Calculate the greatest common divisor of 153 and 272.
17
Calculate the highest common factor of 28 and 8414.
14
Calculate the greatest common factor of 2 and 5.
1
Calculate the highest common divisor of 418 and 121.
11
Calculate the greatest common divisor of 12 and 206.
2
What is the highest common divisor of 333 and 296?
37
Calculate the greatest common divisor of 16 and 3592.
8
What is the greatest common divisor of 287 and 943?
41
Calculate the greatest common factor of 46 and 28474.
46
What is the greatest common factor of 217 and 7?
7
Calculate the greatest common divisor of 12 and 20.
4
Calculate the highest common factor of 10 and 635.
5
What is the greatest common divisor of 11192 and 8?
8
Calculate the highest common divisor of 36 and 2112.
12
What is the greatest common divisor of 1160 and 8410?
290
Calculate the greatest common factor of 407 and 11.
11
Calculate the greatest common divisor of 55 and 88.
11
Calculate the greatest common divisor of 368 and 2300.
92
What is the greatest common divisor of 1463 and 168?
7
Calculate the greatest common factor of 21 and 5397.
21
What is the greatest common factor of 138 and 1587?
69
What is the greatest common factor of 196 and 56?
28
Calculate the greatest common divisor of 34 and 3366.
34
What is the highest common divisor of 3840 and 16?
16
What is the highest common divisor of 627 and 33?
33
Calculate the highest common factor of 81 and 297.
27
Calculate the greatest common factor of 856 and 128.
8
Calculate the greatest common divisor of 1705 and 10.
5
Calculate the greatest common factor of 275 and 77.
11
Calculate the highest common factor of 1179 and 117.
9
Calculate the highest common divisor of 3741 and 348.
87
What is the greatest common divisor of 11460 and 120?
60
Calculate the highest common factor of 12 and 1396.
4
What is the greatest common divisor of 2718 and 9?
9
What is the greatest common divisor of 22 and 462?
22
What is the highest common divisor of 183 and 3?
3
Calculate the highest common divisor of 315 and 805.
35
What is the highest common factor of 2 and 54?
2
What is the highest common factor of 108 and 3186?
54
What is the greatest common factor of 93 and 992?
31
Calculate the greatest common factor of 323 and 171.
19
Calculate the greatest common divisor of 123 and 41.
41
Calculate the highest common factor of 136 and 1122.
34
What is the greatest common divisor of 1469 and 226?
113
What is the highest common divisor of 759 and 69?
69
Calculate the greatest common divisor of 4715 and 410.
205
Calculate the highest common divisor of 15 and 555.
15
What is the highest common divisor of 640 and 520?
40
What is the greatest common factor of 68 and 7820?
68
What is the greatest common factor of 608 and 32?
32
What is the greatest common factor of 72 and 12?
12
Calculate the highest common divisor of 12 and 12.
12
Calculate the greatest common factor of 80 and 32080.
80
Calculate the highest common factor of 2100 and 280.
140
Calculate the highest common divisor of 57 and 6.
3
What is the greatest common factor of 26 and 10634?
26
What is the greatest common divisor of 3284 and 28?
4
What is the highest common factor of 889 and 14?
7
Calculate the highest common factor of 27 and 4359.
3
What is the highest common factor of 1837 and 33?
11
Calculate the greatest common divisor of 23472 and 18.
18
What is the greatest common divisor of 2755 and 285?
95
What is the greatest common divisor of 102 and 1173?
51
What is the highest common divisor of 846 and 72?
18
What is the greatest common factor of 1750 and 13500?
250
What is the greatest common factor of 1776 and 48?
48
Calculate the highest common factor of 102 and 272.
34
Calculate the greatest common factor of 6 and 762.
6
What is the highest common divisor of 312 and 1896?
24
Calculate the greatest common divisor of 5604 and 24.
12
Calculate the highest common factor of 63 and 117.
9
Calculate the highest common divisor of 90 and 615.
15
Calculate the greatest common factor of 200 and 104.
8
What is the highest common factor of 5 and 8370?
5
What is the greatest common factor of 31 and 124?
31
Calculate the greatest common divisor of 506 and 242.
22
What is the highest common factor of 30 and 8?
2
What is the highest common factor of 177 and 1534?
59
Calculate the highest common factor of 4585 and 7.
7
Calculate the highest common factor of 412 and 81164.
412
What is the greatest common divisor of 12 and 6?
6
Calculate the greatest common divisor of 145 and 232.
29
Calculate the highest common divisor of 77 and 119.
7
Calculate the highest common factor of 117 and 882.
9
Calculate the greatest common divisor of 7574 and 42.
14
Calculate the greatest common factor of 605 and 5.
5
Calculate the greatest common divisor of 1826 and 88.
22
What is the greatest common divisor of 52 and 16146?
26
What is the greatest common factor of 11370 and 120?
30
Calculate the greatest common factor of 76393 and 79.
79
Calculate the greatest common factor of 913 and 83.
83
What is the greatest common factor of 512 and 4480?
128
What is the highest common divisor of 416 and 52?
52
What is the highest common factor of 2 and 838?
2
What is the greatest common divisor of 15 and 255?
15
Calculate the greatest common divisor of 20171 and 23.
23
Calculate the greatest common divisor of 204 and 132.
12
What is the highest common factor of 34232 and 88?
88
Calculate the highest common factor of 34 and 4352.
34
What is the greatest common factor of 105 and 140?
35
Calculate the highest common divisor of 686 and 14.
14
What is the highest common divisor of 156 and 4?
4
Calculate the highest common factor of 26465 and 67.
67
Calculate the highest common factor of 90145 and 55.
55
Calculate the highest common factor of 812 and 174.
58
Calculate the greatest common divisor of 319 and 377.
29
What is the highest common factor of 77 and 682?
11
What is the highest common divisor of 2444 and 1316?
188
What is the highest common factor of 208 and 1287?
13
Calculate the highest common divisor of 6 and 14286.
6
What is the highest common divisor of 144 and 688?
16
Calculate the highest common divisor of 19 and 608.
19
Calculate the highest common divisor of 1300 and 5252.
52
What is the greatest common divisor of 10 and 485?
5
Calculate th